{"id":3,"date":"2022-09-12T18:18:10","date_gmt":"2022-09-12T18:18:10","guid":{"rendered":"http:\/\/catorceplus.com\/?page_id=3"},"modified":"2022-09-27T00:46:48","modified_gmt":"2022-09-27T00:46:48","slug":"privacy-policy","status":"publish","type":"page","link":"https:\/\/catorceplus.com\/?page_id=3","title":{"rendered":"Aviso de Privacidad"},"content":{"rendered":"\n<p>Para efectos del presente Aviso de Privacidad, SOLUCIONES 14 DE M\u00c9XICO, SOCIEDAD AN\u00d3NIMA DE CAPITAL VARIABLE, es el responsable de la obtenci\u00f3n, divulgaci\u00f3n, almacenamiento, uso, incluido acci\u00f3n de acceso, manejo, aprovechamiento, transferencia o disposici\u00f3n de datos, sonidos e im\u00e1genes personales, con domicilio en calle Paseo de los Pinos Col Villas de Irapuato con CP 36670 en el municipio de Irapuato Guanajuato.<\/p>\n\n\n\n<p><\/p>\n\n\n\n<p>El Tratamiento de datos personales del titular que se recaben, tiene como finalidad ser usados para proveerle los productos o servicios que ha solicitado o pueda solicitar, evaluar la calidad de los servicios brindados as\u00ed como para elementos de seguridad. Las finalidades previamente descritas, dieron origen y son necesarias para la relaci\u00f3n jur\u00eddica.<\/p>\n\n\n\n<p><\/p>\n\n\n\n<p>El titular tiene un plazo de cinco d\u00edas h\u00e1biles posteriores a la fecha en que se obtuvieron sus datos personales, para que, de ser el caso, manifieste por escrito en el domicilio de se\u00f1alado (ante el encargado de Datos Personales), su negativa para el tratamiento con respecto a las finalidades que no son necesarias, ni dieron origen a la relaci\u00f3n jur\u00eddica con el responsable.<\/p>\n\n\n\n<p><\/p>\n\n\n\n<p>El Aviso de Privacidad Integral, puede ser consultado por el titular de los datos personales por los siguientes medios:<\/p>\n\n\n\n<ol class=\"wp-block-list\"><li>En el domicilio, para lo cual deber\u00e1 acudir ante el encargado de recibir la informaci\u00f3n de datos personales;<\/li><li>En el Bot\u00f3n de Acceso de AVISO DE PRIVACIDAD del portal de Internet (www.catorceplus.com)<\/li><\/ol>\n\n\n\n<p><\/p>\n\n\n\n<p>Para el ejercicio de los derechos de Acceso, Rectificaci\u00f3n, Cancelaci\u00f3n, Oposici\u00f3n, el titular o su representante legal, debe acudir al domicilio de \u201cla empresa\u201d con la persona responsable de custodiar los datos personales, con los documentos que acrediten su identidad y presentar la solicitud correspondiente e indicar las modificaciones a realizarse y aportar la documentaci\u00f3n que sustente su petici\u00f3n, o tambi\u00e9n puede ingresar en nuestra p\u00e1gina de internet para obtener la informaci\u00f3n y requisitos antes se\u00f1alados.<\/p>\n\n\n\n<p><\/p>\n\n\n\n<p><strong class=\"privacy-policy-tutorial\">Fecha de creaci\u00f3n: 1 de Marzo del 2022 \u00daltima Modificaci\u00f3n: 1 de Marzo del 2022<\/strong><\/p>\n","protected":false},"excerpt":{"rendered":"<p>Para efectos del presente Aviso de Privacidad, SOLUCIONES 14 DE M\u00c9XICO, SOCIEDAD AN\u00d3NIMA DE CAPITAL VARIABLE, es el responsable de la obtenci\u00f3n, divulgaci\u00f3n, almacenamiento, uso, incluido acci\u00f3n de acceso, manejo, aprovechamiento, transferencia o disposici\u00f3n de datos, sonidos e im\u00e1genes personales, con domicilio en calle Paseo de los Pinos Col Villas de Irapuato con CP 36670 [&hellip;]<\/p>\n","protected":false},"author":1,"featured_media":0,"parent":0,"menu_order":0,"comment_status":"closed","ping_status":"open","template":"","meta":{"om_disable_all_campaigns":false,"_uag_custom_page_level_css":"","_monsterinsights_skip_tracking":false,"_monsterinsights_sitenote_active":false,"_monsterinsights_sitenote_note":"","_monsterinsights_sitenote_category":0,"site-sidebar-layout":"default","site-content-layout":"","ast-site-content-layout":"default","site-content-style":"default","site-sidebar-style":"default","ast-global-header-display":"","ast-banner-title-visibility":"","ast-main-header-display":"","ast-hfb-above-header-display":"","ast-hfb-below-header-display":"","ast-hfb-mobile-header-display":"","site-post-title":"","ast-breadcrumbs-content":"","ast-featured-img":"","footer-sml-layout":"","ast-disable-related-posts":"","theme-transparent-header-meta":"","adv-header-id-meta":"","stick-header-meta":"","header-above-stick-meta":"","header-main-stick-meta":"","header-below-stick-meta":"","astra-migrate-meta-layouts":"default","ast-page-background-enabled":"default","ast-page-background-meta":{"desktop":{"background-color":"","background-image":"","background-repeat":"repeat","background-position":"center center","background-size":"auto","background-attachment":"scroll","background-type":"","background-media":"","overlay-type":"","overlay-color":"","overlay-opacity":"","overlay-gradient":""},"tablet":{"background-color":"","background-image":"","background-repeat":"repeat","background-position":"center center","background-size":"auto","background-attachment":"scroll","background-type":"","background-media":"","overlay-type":"","overlay-color":"","overlay-opacity":"","overlay-gradient":""},"mobile":{"background-color":"","background-image":"","background-repeat":"repeat","background-position":"center center","background-size":"auto","background-attachment":"scroll","background-type":"","background-media":"","overlay-type":"","overlay-color":"","overlay-opacity":"","overlay-gradient":""}},"ast-content-background-meta":{"desktop":{"background-color":"var(--ast-global-color-5)","background-image":"","background-repeat":"repeat","background-position":"center center","background-size":"auto","background-attachment":"scroll","background-type":"","background-media":"","overlay-type":"","overlay-color":"","overlay-opacity":"","overlay-gradient":""},"tablet":{"background-color":"var(--ast-global-color-5)","background-image":"","background-repeat":"repeat","background-position":"center center","background-size":"auto","background-attachment":"scroll","background-type":"","background-media":"","overlay-type":"","overlay-color":"","overlay-opacity":"","overlay-gradient":""},"mobile":{"background-color":"var(--ast-global-color-5)","background-image":"","background-repeat":"repeat","background-position":"center center","background-size":"auto","background-attachment":"scroll","background-type":"","background-media":"","overlay-type":"","overlay-color":"","overlay-opacity":"","overlay-gradient":""}},"footnotes":""},"class_list":["post-3","page","type-page","status-publish","hentry"],"aioseo_notices":[],"uagb_featured_image_src":{"full":false,"thumbnail":false,"medium":false,"medium_large":false,"large":false,"1536x1536":false,"2048x2048":false},"uagb_author_info":{"display_name":"admin.tec@catorce14.com.mx","author_link":"https:\/\/catorceplus.com\/?author=1"},"uagb_comment_info":0,"uagb_excerpt":"Para efectos del presente Aviso de Privacidad, SOLUCIONES 14 DE M\u00c9XICO, SOCIEDAD AN\u00d3NIMA DE CAPITAL VARIABLE, es el responsable de la obtenci\u00f3n, divulgaci\u00f3n, almacenamiento, uso, incluido acci\u00f3n de acceso, manejo, aprovechamiento, transferencia o disposici\u00f3n de datos, sonidos e im\u00e1genes personales, con domicilio en calle Paseo de los Pinos Col Villas de Irapuato con CP 36670&hellip;","_links":{"self":[{"href":"https:\/\/catorceplus.com\/index.php?rest_route=\/wp\/v2\/pages\/3","targetHints":{"allow":["GET"]}}],"collection":[{"href":"https:\/\/catorceplus.com\/index.php?rest_route=\/wp\/v2\/pages"}],"about":[{"href":"https:\/\/catorceplus.com\/index.php?rest_route=\/wp\/v2\/types\/page"}],"author":[{"embeddable":true,"href":"https:\/\/catorceplus.com\/index.php?rest_route=\/wp\/v2\/users\/1"}],"replies":[{"embeddable":true,"href":"https:\/\/catorceplus.com\/index.php?rest_route=%2Fwp%2Fv2%2Fcomments&post=3"}],"version-history":[{"count":2,"href":"https:\/\/catorceplus.com\/index.php?rest_route=\/wp\/v2\/pages\/3\/revisions"}],"predecessor-version":[{"id":26482,"href":"https:\/\/catorceplus.com\/index.php?rest_route=\/wp\/v2\/pages\/3\/revisions\/26482"}],"wp:attachment":[{"href":"https:\/\/catorceplus.com\/index.php?rest_route=%2Fwp%2Fv2%2Fmedia&parent=3"}],"curies":[{"name":"wp","href":"https:\/\/api.w.org\/{rel}","templated":true}]}}